13.
7
What is the remainder when 53 is divided by (-1)/(-4) - 3108/(-112)?
25
Suppose 0*r = -4*r - 52. Let w = 19 + r. Let y = w - 3. Calculate the remainder when y is divided by 2.
1
Let z(v) = v**2 + 2*v - 4. Let n be z(-4). Suppose -n*r + 0*c + 64 = -4*c, 14 = r - 3*c. What is the remainder when r is divided by 5?
2
Calculate the remainder when 2/(-4) + (513/6)/9 is divided by 1.
0
Suppose 5*u - 36 - 9 = -2*v, 2*u = 4*v - 78. Let g be (-47)/(-3) - 2/3. Let r = -4 + g. Calculate the remainder when v is divided by r.
9
Suppose -2*r = -3*r + 8. Let w = 296 - 293. Calculate the remainder when r is divided by w.
2
Suppose 5*c = 199 + 66. Let p = -24 + c. Let b(g) = 5*g - 5. Calculate the remainder when p is divided by b(3).
9
Suppose -2*m = j + m + 6, 4*j - 2*m = 46. What is the remainder when 14 is divided by j?
5
Let y(b) = b**3 - b**2 + b - 1. Let f be y(0). Let p be 1*(-77 - (-2 - f)). What is the remainder when p*(10/4 - 3) is divided by 20?
18
Suppose 3*r = -r. Suppose 3*s = -r*s + 12. Suppose 4 - 76 = -s*p. What is the remainder when 53 is divided by p?
17
Let n = -2 + 4. Suppose 3*k - 70 = -n*k. Calculate the remainder when 52 is divided by (-7)/k - 37/(-2).
16
Suppose 3*x - 9 = 0, -4*t - 2*x - 2*x + 52 = 0. Suppose f = 3*f - 38. What is the remainder when f is divided by t?
9
Suppose 6 = 4*l - l. Suppose 0*j = u - l*j + 26, 5*j = 4*u + 92. Let w = u + 30. What is the remainder when 22 is divided by w?
10
Let h = -27 + 52. Calculate the remainder when h is divided by (99/(-55))/((-1)/5).
7
Let t(z) = 7*z - 6*z + 23*z - 2*z. Let h be 6/4*(-4)/(-6). What is the remainder when t(h) is divided by 8?
6
Let w(m) = -m**2 - 14*m + 6. What is the remainder when w(-11) is divided by 21?
18
Let c(p) = p**2 + 3*p - 4. What is the remainder when 95 is divided by c(3)?
11
Let b(i) = 7 - 5*i + 3*i**2 - 4*i - 4. Let r be b(7). Let m = r + -47. What is the remainder when m is divided by 14?
12
What is the remainder when 41 is divided by 55*3/(-15)*-2?
19
Suppose 16*j - 160 = 12*j. Calculate the remainder when 78 is divided by j.
38
Suppose -15 = -s - 0*s. Let k(f) = -14*f + 2. Suppose 2*a - 6*a = -2*n + 12, a + 4*n + 3 = 0. What is the remainder when k(a) is divided by s?
14
What is the remainder when (-1)/((-6)/(-849)*1/(-2)) is divided by 15?
13
What is the remainder when 1/(-1) + (-2 - -16) is divided by 5?
3
Calculate the remainder when 3*8/(-6) - -25 is divided by (6/(-15))/((-1)/15).
3
Suppose -4*l - 2 = -2*k, -l - 48 = -3*k - 4*l. Suppose 4*c - 18 = c. Calculate the remainder when k is divided by c.
5
Suppose -19 - 1 = -2*q. Calculate the remainder when 37 is divided by q.
7
Let y be 2 - (-18)/(-3) - -1. Let u = y - -5. Calculate the remainder when 1 - (-36 + u + -2) is divided by 13.
11
Suppose 0 = -5*m + 2 + 8. Suppose -5 = -5*x + 15. Calculate the remainder when x is divided by m.
0
Suppose 8*f - 3*f + 15 = 0. Calculate the remainder when 35 - (f - 2 - -2) is divided by 13.
12
Suppose 2*o + 40 = 4*a - a, -2*a = -3*o - 35. What is the remainder when a is divided by (-20)/(-3) - 6/9?
4
Let k(c) = -c**3 - 5*c**2 + 7*c + 10. What is the remainder when k(-8) is divided by 37?
35
Let h = -3 + 5. Let g = 8 + -6. Suppose 6 = 2*s + y, -g*s = -2*y + y + 2. What is the remainder when h is divided by s?
0
Let u = 51 - 37. Calculate the remainder when u is divided by 8.
6
Suppose -3*q = -5*q + 4*t + 64, -3*q = -t - 81. Suppose 0 = -d - d + q. Let k(s) = s**3 + 5*s**2 - 4*s - 8. What is the remainder when k(-4) is divided by d?
11
Suppose p - 3*p = -2. Let q(j) be the third derivative of 29*j**5/60 - j**4/12 + j**3/6 + j**2. What is the remainder when q(p) is divided by 10?
8
Suppose l - 3*l + 4*a + 116 = 0, -2*a + 182 = 4*l. Suppose -4*p + 0*p = -l. What is the remainder when p is divided by 2/(16/(-14))*-4?
5
Suppose 0 = -4*r + 3 + 9. Suppose 2*b = -r*b + 75. Calculate the remainder when (-1 + (-175)/(-10))*8/3 is divided by b.
14
Let l(w) = 6*w - 2. Let v be l(4). Let p = 18 + v. Let y(k) = 3*k**2 + 8*k - 7. What is the remainder when p is divided by y(2)?
19
Suppose d = 5*d - 20, 5*d - 19 = -3*p. Let h be (p/(-6))/((-3)/9). What is the remainder when 34/2 + h + -1 is divided by 8?
7
Let w(a) = a**3 - 5*a**2 + 6*a + 8. Let y be w(6). Suppose 4*n - 3*o = -6*o + 135, -2*n + y = 4*o. What is the remainder when n is divided by 8?
6
Suppose -3 = -0*f - f. Suppose -n - 4*n + 204 = o, 0 = -3*n - f*o + 120. What is the remainder when n is divided by 11?
8
What is the remainder when 204/10 + (-5)/((-25)/(-2)) is divided by 4?
0
Let k(l) = l**2 + l + 3. Calculate the remainder when k(-5) is divided by 13.
10
Suppose 0*x + 546 = 6*x. Suppose 5*w = 2*b + 147, b + 144 = 4*w + 6*b. Calculate the remainder when x is divided by w.
29
Suppose -3*p + p - 5*d + 50 = 0, -2*d - 52 = -4*p. Suppose -2 + 30 = t. What is the remainder when t is divided by p?
13
Suppose 16*k - 21*k = -110. What is the remainder when 38 is divided by k?
16
Suppose 3 = 2*g - 7. What is the remainder when 8 is divided by g?
3
Let b(w) = -2*w**2 - 8*w**2 - 3*w**2 + w + 1. Let m be b(-1). Let p = 20 + m. What is the remainder when 20 is divided by p?
6
Suppose -2*v = 4*l - 60, -45 = -3*l - 0*v - 4*v. Calculate the remainder when 39 is divided by l.
9
Suppose -36 = s - 5*s. Let c = 3 - -1. Calculate the remainder when s is divided by c.
1
Suppose -x - 5*x = -402. Calculate the remainder when x is divided by 17.
16
Let t = 7 - -7. Suppose 0 = 2*i - 4*h - 3 + 1, -t = i - 5*h. Calculate the remainder when i is divided by 7.
4
Suppose 2*r + 16*r = 72. Calculate the remainder when 6 is divided by r.
2
Let w = 46 - 82. Let v = -16 - w. Suppose 33 = 4*d + 5*t, -d = -4*t - 2 - 1. What is the remainder when v is divided by d?
6
Suppose -2*z - 2*b - 21 = 3*b, 0 = -3*b + 15. Let y = 45 + z. What is the remainder when 64 is divided by y?
20
Let s(f) = f + 11. Suppose -3*b + 9 = -0. What is the remainder when (-66)/(-9) - 1/b is divided by s(-8)?
1
Let r(u) = -u**2 + 12*u + 11. What is the remainder when 19 is divided by r(12)?
8
Let u = 76 + 2. Let l(i) = -38*i + 2. Let n be l(-4). Suppose -2*j - k = -u, n = 4*j + k - 0*k. Calculate the remainder when j is divided by 13.
12
Suppose 5*l - l + 16 = 0. Let h(q) = 2*q + 1. Let c be h(-1). What is the remainder when 1 - l*(3 + c) is divided by 5?
4
Let k(s) = -s + 2. Suppose -2*h + 4*h = -4. Let d be k(h). Suppose -4*a - 1 = -c + a, -36 = -d*c + 4*a. Calculate the remainder when 21 is divided by c.
10
Suppose -70 - 162 = -8*b. Let i(v) = -v**3 - 6*v**2 - 6*v + 5. What is the remainder when b is divided by i(-5)?
9
Let o(n) = n**3 + 4*n**2 - 4*n + 1. What is the remainder when o(-4) is divided by 7?
3
Let y be 2/3 + 28/(-6). Let j be (y/(-2))/(8/(-44)). Let i = 8 - j. Calculate the remainder when 37 is divided by i.
18
Suppose 3*g + 0*y - 22 = y, 4*g - 38 = -3*y. Let j = -4 + g. Suppose 66 = -q + j*q. What is the remainder when q is divided by 8?
6
What is the remainder when 16 is divided by (-4 - -1) + 3 + 3 + 2?
1
Let z = -102 + 220. What is the remainder when z is divided by 30?
28
Let k = 8 - 4. Let f(q) = 13*q**3 + 11 + 0*q**2 - q**2 - 12*q**3. Calculate the remainder when f(0) is divided by k.
3
Suppose 3*g - 57 + 24 = 0. Let q(l) = -l**3 + 7*l**2 - 2*l + 7. Suppose 4*v + t = 24, 3*v + 0*v = 4*t + 18. Calculate the remainder when q(v) is divided by g.
9
Let i(m) = -3*m**3 + 2*m**3 + 10 + 7. Calculate the remainder when i(0) is divided by 9*1/(-1 - -2).
8
Let u = 44 - 29. What is the remainder when 58 is divided by u?
13
Suppose -2*r = r - 24. Suppose 5*p = 3*a - 23, 2*a + 2*p - 24 = 18. What is the remainder when (4/r)/((-2)/(-188)) is divided by a?
15
Let f(z) = z**2 - z + 4. What is the remainder when 45 is divided by f(-3)?
13
Let y be (-21)/(-3) - (0 + 1). Suppose -v + 63 = -y*n + n, -4*v - 3*n = -160. Let m = v - 20. What is the remainder when m is divided by 12?
11
Let z = 51 - 37. What is the remainder when z is divided by 5?
4
Let h = 12 - -6. Let x(c) = -c**3 + 7*c**2 + c - 1. What is the remainder when x(4) is divided by h?
15
Let w(o) be the third derivative of -o**5/60 - o**4/2 - 2*o**3 + 5*o**2. Calculate the remainder when 44 is divided by w(-9).
14
Calculate the remainder when 35 is divided by -2*(2*15)/(-5).
11
Suppose 0*f = 2*f + 12. Let z(r) 